. Suppose 25*m = f*m - 2394. What is the remainder when m is divided by 34?
24
Suppose -w + 340 = -5*m, -m + 2*w = -0*w + 77. Let x = m - -109. What is the remainder when x is divided by 16?
10
Let j(p) = p**3 - 7*p**2 - 6*p - 5. Let x be j(6). Let z = x + 127. Let o = -47 + z. What is the remainder when 5 is divided by o?
2
Suppose -3*x + 1 = -14. Suppose 4 = 3*o + 4*w, o - x*w + 16 = -2*w. Calculate the remainder when 96 is divided by (4 + -104)/o*1.
21
Suppose 4*k + 30 = 3*p - 8, -2*p = -5*k - 30. Calculate the remainder when 1299 is divided by p.
9
Suppose 121 = 17*i - 6*i. Let z(h) = -h - 12. Let b be z(-11). Let j = i + b. Calculate the remainder when 23 is divided by j.
3
Suppose -8*q = 21*q - 6345 - 9402. Calculate the remainder when q is divided by 73.
32
Suppose -20 = -2*n - 5*z, 0 = n - 4*z + 18 - 2. Calculate the remainder when 69 + 4/(-16)*n is divided by 12/(-20) - ((-2)/(-29) - (-40414)/(-3190)).
9
Let l be 19/(-5) - 8/40. Let o(m) = m**2 - 5*m - 6. Calculate the remainder when 47 is divided by o(l).
17
Let p(x) = 4*x**2 + 13*x + 42. Suppose -78*v + 84*v + 30 = 0. Calculate the remainder when p(v) is divided by 41.
36
Let j(y) = -12*y**3 + y**2 + y + 1. Let h = 89260 + -89244. What is the remainder when h is divided by j(-1)?
3
Suppose -2*s = -5*v - 244, -574 + 2 = -5*s + 3*v. What is the remainder when s is divided by 44?
24
Let n(m) = -101*m + 3. Let i be n(5). Let j = -333 - i. What is the remainder when j is divided by 10?
9
Let g = 595 - 208. Calculate the remainder when g is divided by 13/(-39) - 354/(-9).
36
Suppose 5*t + 0*t = -2*l + 7061, -4*t + 5*l + 5629 = 0. What is the remainder when t is divided by 101?
98
Let w be 895/2 - (-159)/106. Let o = w - 436. Calculate the remainder when 151 is divided by o.
8
Suppose 2*n - 3*n - 80 = -4*v, 0 = 3*n - 12. Suppose v*g - 14*g - 952 = 0. Let j = g + -97. Calculate the remainder when j is divided by 15.
9
Suppose -3896*v = 5*n - 3891*v - 85, 14 = n + 4*v. What is the remainder when (28/(-10))/(1/(-25)) is divided by n?
16
Let m(p) = 154*p**3 - 2*p**2 - 67*p + 68. Calculate the remainder when 460 is divided by m(1).
1
Let q be -26*((-2)/(-6))/(12/(-54)). Suppose f = 3*i + 1, 0 = -5*i + q - 14. Calculate the remainder when 18 is divided by f.
2
Suppose 61 = -3*a + 4*a. Let k = 248 + -243. Suppose -k*y + 176 = 4*g, -8*y - g + 100 = -5*y. What is the remainder when a is divided by y?
29
Suppose 0 = 12*k - 873 - 51. Suppose 2*w + 7 = w. Let j(p) = -p**3 - 6*p**2 + 6*p + 13. Calculate the remainder when k is divided by j(w).
17
Let o be 56*(1/4 + (-195)/(-130)). Let n(g) = -90*g**3 - 2*g**2 + g. Let a be n(1). Let u = o + a. Calculate the remainder when 11 is divided by u.
4
Suppose -2 = l - 5*y, -3*l - 32*y = -29*y - 12. Suppose 4*u + 16 = 3*k - 28, k = l*u + 8. Calculate the remainder when 238 is divided by k.
18
Let s = 100 - 101. Let x be s*(-20)/(-5) - -6. Suppose -16 = -2*w - x. What is the remainder when 26 is divided by w?
5
Suppose -4*w = w - 65. Let a(q) = q**2 + q - 1. Let c(x) = -5*x**2 - 3*x + 32. Let d(n) = 6*a(n) + c(n). Calculate the remainder when d(-4) is divided by w.
4
Let f = 4994 + -4868. Suppose r - 6*r + 160 = 0. Calculate the remainder when f is divided by r.
30
Suppose 0 = 4*g + 4*s - 240, 2*g - 4*s - 40 - 68 = 0. Let w = g - 35. Calculate the remainder when 136 is divided by w.
21
Suppose 0 = 30*u + 47*u - 1848. Calculate the remainder when 35 is divided by u.
11
Suppose -11 = -4*n + 5*h, 5*n + 9 = 6*n + 5*h. What is the remainder when 106 is divided by (-31 + n - 5)/(-2)?
10
Let v = -17 + 44. Let g = 609 - 595. Suppose 17*f = g*f + v. What is the remainder when 15 is divided by f?
6
Let j = 1149 + -910. Calculate the remainder when j is divided by 24.
23
Let t(b) = b**3 - 24*b**2 + 30*b - 29. Let c be t(23). Let f = c - 60. Let x = -7 + f. What is the remainder when x is divided by 17?
14
Let s(a) = 17*a**3 + 2*a**2 - a. Let w(f) = f**2 + 9*f + 25. Calculate the remainder when s(1) is divided by w(-6).
4
Suppose -31*l = -30*l + 3. Calculate the remainder when l/(-1) - (-249)/6*2 is divided by 15.
11
Suppose -955 = 66*s - 2143. Suppose 2*x = -2*x - 5*d + 163, -2*x + 3*d + 109 = 0. Calculate the remainder when x is divided by s.
11
Let v(s) = 5 + 0 - 8*s**2 - 4*s - 5*s + s**3 + 1. Suppose c = -4*h + 93, 0 = 3*c - 4*c + 1. What is the remainder when h is divided by v(9)?
5
Let z = -2746 - -3253. Calculate the remainder when z is divided by 16.
11
Let p = 707 - 186. Suppose -4*i + p = 3*j, -i - 2*j = -j - 131. Calculate the remainder when i is divided by 54.
20
Let d be (-160)/(-2) - 6/4*-2. Suppose 6*r = 3*r - 4*u - d, -r - u - 27 = 0. Let c = 36 + r. What is the remainder when 34 is divided by c?
1
Suppose -114*o + 121*o = 91. Suppose -4*z = -k + 85, k + 3*z - 44 - o = 0. What is the remainder when k is divided by 47?
22
Suppose a = 5*a - 168. Suppose 0 = -9*k + 54 - 279. Calculate the remainder when a is divided by (k/(-20))/(10/120).
12
Let i be 172/(-7) + 12/21. Let r = i - -50. Let p = -93 - -98. What is the remainder when r is divided by p?
1
Let u(n) = n**3 - 3*n**2 - n - 17. Let a = 54 + -49. Suppose 97 = 4*i + 61. Calculate the remainder when u(a) is divided by i.
1
Suppose -2*q = s - 3068, -5*q - 3*s + 11273 = 3604. Calculate the remainder when q is divided by 80.
15
Let j(y) = y**2 - 3*y - 11. Let q(u) = -3*u - 10. Let z be q(-4). Suppose 90 - 60 = z*o. Calculate the remainder when j(-6) is divided by o.
13
Let y(t) = 7*t**3 - 2*t**2 - 2*t + 10. Let i be y(2). Suppose 4*l - i = -46. Suppose -3*z + 1 = -5. Calculate the remainder when z is divided by l.
0
Let n(h) = h**2 - 5*h + 7. Let q be n(2). Suppose 79 = 16*o - q. What is the remainder when 19 is divided by o?
4
Let b = 75 - 49. Let h be (-17)/(-1 - (-5)/10). Suppose t = 2*x - 4*x + 15, t = 5*x - h. Calculate the remainder when b is divided by x.
5
Suppose 82 = -5*n + 367. What is the remainder when n is divided by (-31 + 23 + 14)*(-22)/8*-2?
24
Let o(k) = -k**3 - 6*k**2 - 6*k + 5. Let y be o(-5). Let n be (-9 + 6)*y/3. What is the remainder when 37 is divided by n - -20 - 0/(-1)?
7
Suppose 2*r + 2*r - 2*p = 174, 0 = -p - 3. Calculate the remainder when (-1232)/(-14)*(-14)/35*(-45)/18 is divided by r.
4
Suppose 0 = 30*n - 32*n + 40. What is the remainder when (-12)/(-8)*n/15 is divided by 1?
0
Let h(n) = n**3 + 23*n**2 - 775*n - 35. What is the remainder when h(-39) is divided by 32?
30
Suppose 4*i - 4*h = 96, 2*i - 5 = -4*h + 13. Calculate the remainder when 121 is divided by i.
7
Suppose p + p = 3*g - 216, 4*p = -4*g + 248. What is the remainder when 5468 is divided by g?
28
Let k(x) = 12*x - 68. Let g be k(6). Suppose 2*i + 41 + 38 = 3*l, 0 = -g*i + 4. Let r = 177 + -71. Calculate the remainder when r is divided by l.
25
Let o be 432/(-10)*(-10)/4. Let p = -74 + o. Let a = 40 + -18. What is the remainder when p is divided by a?
12
What is the remainder when (-38)/22 - -2 - (-2330848)/352 is divided by 48?
46
Let i be (81 - -2)*2 + 160/32. Suppose 7*b - i = 137. Calculate the remainder when b is divided by 8.
4
Suppose -3*i - 401 = 103. Let k = 193 + i. What is the remainder when 323 is divided by k?
23
Suppose 2*l + 65 = -x, 5*l - 2*x = -x - 166. Calculate the remainder when -6*(57/(-2) - l/(-22)) is divided by 61.
58
Let u = 48 - 43. Let l = 1263 - 1245. What is the remainder when l is divided by u?
3
Let x(b) = 2*b**2 - 4*b + 4. Let o = 286 + -253. Let f = o - -100. What is the remainder when f is divided by x(5)?
31
Let b(x) = 10*x**2 + x - 1. Let n be b(2). Let a = 0 + n. What is the remainder when a is divided by 6?
5
What is the remainder when (496/(-32))/((-6)/384*1) is divided by 47?
5
Let j be (-30)/4*2*(-1)/3. Suppose 2*d = 10*y - 8*y - 306, 4*y - j*d = 608. What is the remainder when y is divided by 81?
76
Let g be (-8 + 2288/(-56))/(3/(-14)). Let o = g + -9. What is the remainder when o is divided by 17?
15
Suppose -21*c + 6632 + 6541 = -35085. Calculate the remainder when c is divided by 24.
18
Let s(k) = 8*k**2 + 223*k + 20. What is the remainder when 187 is divided by s(-28)?
43
Let m = -110 - -132. Let d(q) = 15*q - 112. What is the remainder when d(m) is divided by 73?
72
Suppose 2*i - q + 12 + 4 = 0, -2*q = -3*i - 25. What is the remainder when ((-427)/63 - i) + (-3416